CRAN Package Check Results for Package DOVE

Last updated on 2025-01-25 19:48:42 CET.

Flavor Version Tinstall Tcheck Ttotal Status Flags
r-devel-linux-x86_64-debian-clang 1.10 63.84 203.17 267.01 OK
r-devel-linux-x86_64-debian-gcc 1.10 46.80 119.59 166.39 OK
r-devel-linux-x86_64-fedora-clang 1.10 476.77 OK
r-devel-linux-x86_64-fedora-gcc 1.10 471.82 OK
r-devel-windows-x86_64 1.10 67.00 219.00 286.00 OK
r-patched-linux-x86_64 1.10 64.48 179.37 243.85 OK
r-release-linux-x86_64 1.10 69.08 181.37 250.45 OK
r-release-macos-arm64 1.10 119.00 NOTE
r-release-macos-x86_64 1.10 158.00 NOTE
r-release-windows-x86_64 1.10 66.00 219.00 285.00 OK
r-oldrel-macos-arm64 1.10 131.00 NOTE
r-oldrel-macos-x86_64 1.10 227.00 NOTE
r-oldrel-windows-x86_64 1.10 78.00 279.00 357.00 OK

Check Details

Version: 1.10
Check: installed package size
Result: NOTE installed size is 5.0Mb sub-directories of 1Mb or more: libs 4.4Mb Flavors: r-release-macos-arm64, r-release-macos-x86_64, r-oldrel-macos-arm64, r-oldrel-macos-x86_64