CRAN Package Check Results for Package DOVE

Last updated on 2024-02-22 19:55:30 CET.

Flavor Version Tinstall Tcheck Ttotal Status Flags
r-devel-linux-x86_64-debian-clang 1.10 OK
r-devel-linux-x86_64-debian-gcc 1.10 79.60 193.12 272.72 OK
r-devel-linux-x86_64-fedora-clang 1.10 507.73 OK
r-devel-linux-x86_64-fedora-gcc 1.10 514.01 OK
r-devel-windows-x86_64 1.10 75.00 224.00 299.00 OK
r-patched-linux-x86_64 1.10 97.17 269.15 366.32 OK
r-release-linux-x86_64 1.10 94.81 267.57 362.38 OK
r-release-macos-arm64 1.10 131.00 NOTE
r-release-macos-x86_64 1.10 227.00 NOTE
r-release-windows-x86_64 1.10 98.00 277.00 375.00 OK
r-oldrel-macos-arm64 1.10 125.00 NOTE
r-oldrel-windows-x86_64 1.10 92.00 258.00 350.00 OK

Check Details

Version: 1.10
Check: installed package size
Result: NOTE installed size is 5.0Mb sub-directories of 1Mb or more: libs 4.4Mb Flavors: r-release-macos-arm64, r-release-macos-x86_64, r-oldrel-macos-arm64