Last updated on 2021-03-08 19:51:07 CET.
Flavor | Version | Tinstall | Tcheck | Ttotal | Status | Flags |
---|---|---|---|---|---|---|
r-devel-linux-x86_64-debian-clang | 0.1.2 | 53.80 | 55.21 | 109.01 | OK | |
r-devel-linux-x86_64-debian-gcc | 0.1.2 | 38.03 | 42.20 | 80.23 | OK | |
r-devel-linux-x86_64-fedora-clang | 0.1.2 | 159.39 | NOTE | |||
r-devel-linux-x86_64-fedora-gcc | 0.1.2 | 138.94 | OK | |||
r-devel-windows-ix86+x86_64 | 0.1.2 | 122.00 | 111.00 | 233.00 | OK | |
r-devel-windows-x86_64-gcc10-UCRT | 0.1.2 | OK | ||||
r-patched-linux-x86_64 | 0.1.2 | 47.40 | 53.20 | 100.60 | OK | |
r-patched-solaris-x86 | 0.1.2 | 153.50 | OK | |||
r-release-linux-x86_64 | 0.1.2 | 46.43 | 54.13 | 100.56 | OK | |
r-release-macos-x86_64 | 0.1.2 | NOTE | ||||
r-release-windows-ix86+x86_64 | 0.1.2 | 108.00 | 109.00 | 217.00 | OK | |
r-oldrel-macos-x86_64 | 0.1.2 | NOTE | ||||
r-oldrel-windows-ix86+x86_64 | 0.1.2 | 118.00 | 77.00 | 195.00 | OK |
Version: 0.1.2
Check: installed package size
Result: NOTE
installed size is 6.5Mb
sub-directories of 1Mb or more:
libs 6.0Mb
Flavors: r-devel-linux-x86_64-fedora-clang, r-release-macos-x86_64, r-oldrel-macos-x86_64