CRAN Package Check Results for Package DSAIRM

Last updated on 2022-01-26 19:50:30 CET.

Flavor Version Tinstall Tcheck Ttotal Status Flags
r-devel-linux-x86_64-debian-clang 0.9.3 10.40 230.79 241.19 OK
r-devel-linux-x86_64-debian-gcc 0.9.3 8.31 160.79 169.10 OK
r-devel-linux-x86_64-fedora-clang 0.9.3 270.57 OK
r-devel-linux-x86_64-fedora-gcc 0.9.3 259.63 OK
r-devel-windows-x86_64-new-UL 0.9.3 199.00 270.00 469.00 OK
r-devel-windows-x86_64-new-TK 0.9.3 ERROR
r-patched-linux-x86_64 0.9.3 6.71 208.91 215.62 OK
r-release-linux-x86_64 0.9.3 6.86 210.24 217.10 OK
r-release-macos-arm64 0.9.3 OK
r-release-macos-x86_64 0.9.3 OK
r-release-windows-ix86+x86_64 0.9.3 23.00 259.00 282.00 OK
r-oldrel-macos-x86_64 0.9.3 OK
r-oldrel-windows-ix86+x86_64 0.9.3 23.00 258.00 281.00 OK

Check Details

Version: 0.9.3
Check: package dependencies
Result: ERROR
    Package required but not available: 'nloptr'
    
    See section 'The DESCRIPTION file' in the 'Writing R Extensions'
    manual.
Flavor: r-devel-windows-x86_64-new-TK