CRAN Package Check Results for Package DSMolgenisArmadillo

Last updated on 2021-06-20 21:49:05 CEST.

Flavor Version Tinstall Tcheck Ttotal Status Flags
r-devel-linux-x86_64-debian-clang 1.3.5 4.31 45.73 50.04 NOTE
r-devel-linux-x86_64-debian-gcc 1.3.5 3.90 36.16 40.06 NOTE
r-devel-linux-x86_64-fedora-clang 1.3.5 70.98 NOTE
r-devel-linux-x86_64-fedora-gcc 1.3.5 91.72 NOTE
r-devel-windows-x86_64 1.3.5 8.00 68.00 76.00 NOTE
r-devel-windows-x86_64-gcc10-UCRT 1.3.5 ERROR
r-patched-linux-x86_64 1.3.5 8.51 44.21 52.72 NOTE
r-patched-solaris-x86 1.3.5 90.30 NOTE
r-release-linux-x86_64 1.3.5 3.93 44.49 48.42 NOTE
r-release-macos-arm64 1.3.5 NOTE
r-release-macos-x86_64 1.3.5 NOTE
r-release-windows-ix86+x86_64 1.3.5 12.00 69.00 81.00 NOTE
r-oldrel-macos-x86_64 1.3.5 NOTE

Check Details

Version: 1.3.5
Check: package dependencies
Result: NOTE
    Package suggested but not available for checking: 'dsBaseClient'
Flavors: r-devel-linux-x86_64-debian-clang, r-devel-linux-x86_64-debian-gcc, r-devel-linux-x86_64-fedora-clang, r-devel-linux-x86_64-fedora-gcc, r-devel-windows-x86_64, r-patched-linux-x86_64, r-patched-solaris-x86, r-release-linux-x86_64, r-release-macos-arm64, r-release-macos-x86_64, r-release-windows-ix86+x86_64, r-oldrel-macos-x86_64

Version: 1.3.5
Check: package dependencies
Result: ERROR
    Packages required but not available: 'MolgenisAuth', 'httr'
    
    Package suggested but not available for checking: 'dsBaseClient'
    
    See section 'The DESCRIPTION file' in the 'Writing R Extensions'
    manual.
Flavor: r-devel-windows-x86_64-gcc10-UCRT