CRAN Package Check Results for Package DSSP

Last updated on 2024-03-02 19:50:16 CET.

Flavor Version Tinstall Tcheck Ttotal Status Flags
r-devel-linux-x86_64-debian-clang 0.1.1 79.99 154.37 234.36 NOTE
r-devel-linux-x86_64-debian-gcc 0.1.1 57.81 171.82 229.63 NOTE
r-devel-linux-x86_64-fedora-clang 0.1.1 306.94 NOTE
r-devel-linux-x86_64-fedora-gcc 0.1.1 398.36 NOTE
r-devel-windows-x86_64 0.1.1 58.00 182.00 240.00 NOTE
r-patched-linux-x86_64 0.1.1 71.72 210.64 282.36 NOTE
r-release-linux-x86_64 0.1.1 65.81 213.82 279.63 NOTE
r-release-macos-arm64 0.1.1 135.00 NOTE
r-release-macos-x86_64 0.1.1 206.00 NOTE
r-release-windows-x86_64 0.1.1 75.00 244.00 319.00 NOTE
r-oldrel-macos-arm64 0.1.1 160.00 OK
r-oldrel-windows-x86_64 0.1.1 72.00 239.00 311.00 OK

Check Details

Version: 0.1.1
Check: C++ specification
Result: NOTE Specified C++11: please drop specification unless essential Flavors: r-devel-linux-x86_64-debian-clang, r-devel-linux-x86_64-debian-gcc, r-devel-linux-x86_64-fedora-clang, r-devel-linux-x86_64-fedora-gcc, r-devel-windows-x86_64, r-patched-linux-x86_64, r-release-linux-x86_64, r-release-macos-arm64, r-release-macos-x86_64, r-release-windows-x86_64