CRAN Package Check Results for Package DTDA

Last updated on 2024-03-02 19:50:16 CET.

Flavor Version Tinstall Tcheck Ttotal Status Flags
r-devel-linux-x86_64-debian-clang 3.0.1 21.29 83.25 104.54 NOTE
r-devel-linux-x86_64-debian-gcc 3.0.1 13.07 61.16 74.23 NOTE
r-devel-linux-x86_64-fedora-clang 3.0.1 120.74 NOTE
r-devel-linux-x86_64-fedora-gcc 3.0.1 125.58 NOTE
r-devel-windows-x86_64 3.0.1 14.00 72.00 86.00 OK
r-patched-linux-x86_64 3.0.1 16.54 81.78 98.32 OK
r-release-linux-x86_64 3.0.1 15.76 82.42 98.18 OK
r-release-macos-arm64 3.0.1 36.00 OK
r-release-macos-x86_64 3.0.1 58.00 OK
r-release-windows-x86_64 3.0.1 19.00 85.00 104.00 OK
r-oldrel-macos-arm64 3.0.1 31.00 OK
r-oldrel-windows-x86_64 3.0.1 19.00 91.00 110.00 OK

Check Details

Version: 3.0.1
Check: Rd files
Result: NOTE checkRd: (-1) efron.petrosian.Rd:22: Lost braces 22 | \item{error}{ Numeric value. Maximum pointwise error when estimating the density associated to X (f) in two consecutive steps. If this is missing, it is $1e{-06}$.} | ^ checkRd: (-1) lynden.Rd:21: Lost braces 21 | \item{error}{ Numeric value. Maximum pointwise error when estimating the density associated to X (f) in two consecutive steps. If this is missing, it is $1e{-06}$.} | ^ checkRd: (-1) shen.Rd:24: Lost braces 24 | \item{error}{ Numeric value. Maximum pointwise error when estimating the density associated to X (f) in two consecutive steps. If this is missing, it is $1e{-06}$.} | ^ Flavors: r-devel-linux-x86_64-debian-clang, r-devel-linux-x86_64-debian-gcc, r-devel-linux-x86_64-fedora-clang, r-devel-linux-x86_64-fedora-gcc