CRAN Package Check Results for Package DWBmodelUN

Last updated on 2021-12-03 19:50:09 CET.

Flavor Version Tinstall Tcheck Ttotal Status Flags
r-devel-linux-x86_64-debian-clang 1.0.0 4.64 93.32 97.96 OK
r-devel-linux-x86_64-debian-gcc 1.0.0 4.16 70.21 74.37 OK
r-devel-linux-x86_64-fedora-clang 1.0.0 136.99 NOTE
r-devel-linux-x86_64-fedora-gcc 1.0.0 124.35 NOTE
r-devel-windows-x86_64-new-UL 1.0.0 14.00 137.00 151.00 OK
r-devel-windows-x86_64-new-TK 1.0.0 NOTE
r-devel-windows-x86_64-old 1.0.0 8.00 94.00 102.00 OK
r-patched-linux-x86_64 1.0.0 5.71 90.76 96.47 OK
r-release-linux-x86_64 1.0.0 5.21 90.42 95.63 OK
r-release-macos-arm64 1.0.0 NOTE
r-release-macos-x86_64 1.0.0 NOTE
r-release-windows-ix86+x86_64 1.0.0 9.00 128.00 137.00 OK
r-oldrel-macos-x86_64 1.0.0 NOTE
r-oldrel-windows-ix86+x86_64 1.0.0 9.00 130.00 139.00 OK

Check Details

Version: 1.0.0
Check: dependencies in R code
Result: NOTE
    Namespaces in Imports field not imported from:
     ‘ncdf4’ ‘rgdal’
     All declared Imports should be used.
Flavors: r-devel-linux-x86_64-fedora-clang, r-devel-linux-x86_64-fedora-gcc, r-devel-windows-x86_64-new-TK, r-release-macos-arm64, r-release-macos-x86_64, r-oldrel-macos-x86_64