CRAN Package Check Results for Package DataExplorer

Last updated on 2021-04-17 21:48:51 CEST.

Flavor Version Tinstall Tcheck Ttotal Status Flags
r-devel-linux-x86_64-debian-clang 0.8.2 6.18 245.17 251.35 NOTE
r-devel-linux-x86_64-debian-gcc 0.8.2 5.87 173.44 179.31 NOTE
r-devel-linux-x86_64-fedora-clang 0.8.2 287.82 NOTE
r-devel-linux-x86_64-fedora-gcc 0.8.2 266.93 NOTE
r-devel-windows-ix86+x86_64 0.8.2 18.00 268.00 286.00 NOTE
r-devel-windows-x86_64-gcc10-UCRT 0.8.2 NOTE
r-patched-linux-x86_64 0.8.2 5.90 230.76 236.66 OK
r-patched-solaris-x86 0.8.2 443.00 OK
r-release-linux-x86_64 0.8.2 6.07 228.00 234.07 OK
r-release-macos-x86_64 0.8.2 OK
r-release-windows-ix86+x86_64 0.8.2 28.00 272.00 300.00 OK
r-oldrel-macos-x86_64 0.8.2 OK
r-oldrel-windows-ix86+x86_64 0.8.2 9.00 216.00 225.00 OK

Check Details

Version: 0.8.2
Check: LazyData
Result: NOTE
     'LazyData' is specified without a 'data' directory
Flavors: r-devel-linux-x86_64-debian-clang, r-devel-linux-x86_64-debian-gcc, r-devel-linux-x86_64-fedora-clang, r-devel-linux-x86_64-fedora-gcc, r-devel-windows-ix86+x86_64, r-devel-windows-x86_64-gcc10-UCRT