CRAN Package Check Results for Package DataLoader

Last updated on 2022-06-27 21:51:17 CEST.

Flavor Version Tinstall Tcheck Ttotal Status Flags
r-devel-linux-x86_64-debian-clang 1.3 8.92 82.81 91.73 NOTE
r-devel-linux-x86_64-debian-gcc 1.3 7.84 60.97 68.81 NOTE
r-devel-linux-x86_64-fedora-clang 1.3 119.90 NOTE
r-devel-linux-x86_64-fedora-gcc 1.3 121.20 NOTE
r-devel-windows-x86_64 1.3 47.00 93.00 140.00 NOTE
r-patched-linux-x86_64 1.3 9.52 81.02 90.54 NOTE
r-release-linux-x86_64 1.3 9.11 80.85 89.96 NOTE
r-release-macos-arm64 1.3 34.00 NOTE
r-release-macos-x86_64 1.3 60.00 NOTE
r-release-windows-x86_64 1.3 37.00 91.00 128.00 NOTE
r-oldrel-macos-arm64 1.3 46.00 NOTE
r-oldrel-macos-x86_64 1.3 59.00 NOTE
r-oldrel-windows-ix86+x86_64 1.3 16.00 87.00 103.00 NOTE

Check Details

Version: 1.3
Check: LazyData
Result: NOTE
     'LazyData' is specified without a 'data' directory
Flavors: r-devel-linux-x86_64-debian-clang, r-devel-linux-x86_64-debian-gcc, r-devel-linux-x86_64-fedora-clang, r-devel-linux-x86_64-fedora-gcc, r-devel-windows-x86_64, r-patched-linux-x86_64, r-release-linux-x86_64, r-release-macos-arm64, r-release-macos-x86_64, r-release-windows-x86_64, r-oldrel-macos-arm64, r-oldrel-macos-x86_64, r-oldrel-windows-ix86+x86_64