CRAN Package Check Results for Package DatastreamDSWS2R

Last updated on 2021-11-30 19:51:20 CET.

Flavor Version Tinstall Tcheck Ttotal Status Flags
r-devel-linux-x86_64-debian-clang 1.8.2 12.98 54.41 67.39 OK
r-devel-linux-x86_64-debian-gcc 1.8.2 9.83 40.54 50.37 OK
r-devel-linux-x86_64-fedora-clang 1.8.2 93.92 NOTE
r-devel-linux-x86_64-fedora-gcc 1.8.2 83.79 NOTE
r-devel-windows-x86_64-new-UL 1.8.2 28.00 90.00 118.00 OK
r-devel-windows-x86_64-new-TK 1.8.2 NOTE
r-devel-windows-x86_64-old 1.8.2 24.00 55.00 79.00 OK
r-patched-linux-x86_64 1.8.2 11.03 50.29 61.32 OK
r-patched-solaris-x86 1.8.2 112.00 NOTE
r-release-linux-x86_64 1.8.2 9.62 49.97 59.59 OK
r-release-macos-arm64 1.8.2 NOTE
r-release-macos-x86_64 1.8.2 NOTE
r-release-windows-ix86+x86_64 1.8.2 27.00 57.00 84.00 OK
r-oldrel-macos-x86_64 1.8.2 NOTE
r-oldrel-windows-ix86+x86_64 1.8.2 19.00 55.00 74.00 OK

Check Details

Version: 1.8.2
Check: data for non-ASCII characters
Result: NOTE
     Note: found 8 marked Latin-1 strings
Flavors: r-devel-linux-x86_64-fedora-clang, r-devel-linux-x86_64-fedora-gcc, r-devel-windows-x86_64-new-TK, r-patched-solaris-x86, r-release-macos-arm64, r-release-macos-x86_64, r-oldrel-macos-x86_64