Last updated on 2022-05-25 21:52:56 CEST.
Flavor | Version | Tinstall | Tcheck | Ttotal | Status | Flags |
---|---|---|---|---|---|---|
r-devel-linux-x86_64-debian-clang | 0.1.2 | 7.68 | 89.61 | 97.29 | NOTE | |
r-devel-linux-x86_64-debian-gcc | 0.1.2 | 7.06 | 66.82 | 73.88 | NOTE | |
r-devel-linux-x86_64-fedora-clang | 0.1.2 | 110.46 | NOTE | |||
r-devel-linux-x86_64-fedora-gcc | 0.1.2 | 117.78 | NOTE | |||
r-devel-windows-x86_64 | 0.1.2 | 13.00 | 94.00 | 107.00 | NOTE | |
r-patched-linux-x86_64 | 0.1.2 | 8.78 | 87.07 | 95.85 | NOTE | |
r-release-linux-x86_64 | 0.1.2 | NOTE | ||||
r-release-macos-arm64 | 0.1.2 | 32.00 | NOTE | |||
r-release-macos-x86_64 | 0.1.2 | 45.00 | NOTE | |||
r-release-windows-x86_64 | 0.1.2 | 16.00 | 95.00 | 111.00 | NOTE | |
r-oldrel-macos-arm64 | 0.1.2 | 42.00 | NOTE | |||
r-oldrel-macos-x86_64 | 0.1.2 | 66.00 | NOTE | |||
r-oldrel-windows-ix86+x86_64 | 0.1.2 | 17.00 | 90.00 | 107.00 | NOTE |
Version: 0.1.2
Check: LazyData
Result: NOTE
'LazyData' is specified without a 'data' directory
Flavors: r-devel-linux-x86_64-debian-clang, r-devel-linux-x86_64-debian-gcc, r-devel-linux-x86_64-fedora-clang, r-devel-linux-x86_64-fedora-gcc, r-devel-windows-x86_64, r-patched-linux-x86_64, r-release-linux-x86_64, r-release-macos-arm64, r-release-macos-x86_64, r-release-windows-x86_64, r-oldrel-macos-arm64, r-oldrel-macos-x86_64, r-oldrel-windows-ix86+x86_64