CRAN Package Check Results for Package Delaporte

Last updated on 2024-02-22 19:55:30 CET.

Flavor Version Tinstall Tcheck Ttotal Status Flags
r-devel-linux-x86_64-debian-clang 8.3.0 OK
r-devel-linux-x86_64-debian-gcc 8.3.0 3.42 28.84 32.26 OK
r-devel-linux-x86_64-fedora-clang 8.3.0 63.69 NOTE
r-devel-linux-x86_64-fedora-gcc 8.3.0 51.22 OK
r-devel-windows-x86_64 8.3.0 7.00 63.00 70.00 OK
r-patched-linux-x86_64 8.3.0 4.50 37.80 42.30 OK
r-release-linux-x86_64 8.3.0 4.44 38.51 42.95 OK
r-release-macos-arm64 8.3.0 27.00 OK
r-release-macos-x86_64 8.3.0 56.00 OK
r-release-windows-x86_64 8.3.0 9.00 64.00 73.00 OK
r-oldrel-macos-arm64 8.3.0 30.00 OK
r-oldrel-windows-x86_64 8.3.0 8.00 69.00 77.00 OK

Check Details

Version: 8.3.0
Check: Rd cross-references
Result: NOTE Undeclared packages ‘e1071’, ‘nloptr’ in Rd xrefs Flavor: r-devel-linux-x86_64-fedora-clang