CRAN Package Check Results for Package Deriv

Last updated on 2024-02-20 19:51:02 CET.

Flavor Version Tinstall Tcheck Ttotal Status Flags
r-devel-linux-x86_64-debian-clang 4.1.3 NOTE
r-devel-linux-x86_64-debian-gcc 4.1.3 3.34 33.63 36.97 NOTE
r-devel-linux-x86_64-fedora-clang 4.1.3 69.44 OK
r-devel-linux-x86_64-fedora-gcc 4.1.3 60.01 OK
r-devel-windows-x86_64 4.1.3 5.00 53.00 58.00 OK
r-patched-linux-x86_64 4.1.3 4.16 44.13 48.29 OK
r-release-linux-x86_64 4.1.3 4.02 44.33 48.35 OK
r-release-macos-arm64 4.1.3 22.00 OK
r-release-macos-x86_64 4.1.3 33.00 OK
r-release-windows-x86_64 4.1.3 6.00 59.00 65.00 OK
r-oldrel-macos-arm64 4.1.3 26.00 OK
r-oldrel-windows-x86_64 4.1.3 7.00 65.00 72.00 OK

Check Details

Version: 4.1.3
Check: Rd files
Result: NOTE checkRd: (-1) Deriv.Rd:33: Lost braces 33 | guessed either from\ code{names(formals(f))} (if \code{f} is a function) | ^ Flavors: r-devel-linux-x86_64-debian-clang, r-devel-linux-x86_64-debian-gcc