Last updated on 2023-02-06 19:54:19 CET.
Flavor | Version | Tinstall | Tcheck | Ttotal | Status | Flags |
---|---|---|---|---|---|---|
r-devel-linux-x86_64-debian-clang | 0.2.7 | 7.56 | 71.37 | 78.93 | NOTE | |
r-devel-linux-x86_64-debian-gcc | 0.2.7 | 5.51 | 52.63 | 58.14 | NOTE | |
r-devel-linux-x86_64-fedora-clang | 0.2.7 | 109.87 | NOTE | |||
r-devel-linux-x86_64-fedora-gcc | 0.2.7 | 103.46 | NOTE | |||
r-devel-windows-x86_64 | 0.2.7 | 44.00 | 102.00 | 146.00 | NOTE | |
r-patched-linux-x86_64 | 0.2.7 | 7.17 | 68.16 | 75.33 | OK | |
r-release-linux-x86_64 | 0.2.7 | 6.67 | 68.09 | 74.76 | OK | |
r-release-macos-arm64 | 0.2.7 | 30.00 | OK | |||
r-release-macos-x86_64 | 0.2.7 | 61.00 | OK | |||
r-release-windows-x86_64 | 0.2.7 | 12.00 | 111.00 | 123.00 | OK | |
r-oldrel-macos-arm64 | 0.2.7 | 42.00 | OK | |||
r-oldrel-macos-x86_64 | 0.2.7 | 55.00 | OK | |||
r-oldrel-windows-ix86+x86_64 | 0.2.7 | 16.00 | 99.00 | 115.00 | OK |
Version: 0.2.7
Check: Rd files
Result: NOTE
checkRd: (-1) geom_axis.Rd:10: Escaped LaTeX specials: \_
Flavors: r-devel-linux-x86_64-debian-clang, r-devel-linux-x86_64-debian-gcc, r-devel-linux-x86_64-fedora-clang, r-devel-linux-x86_64-fedora-gcc, r-devel-windows-x86_64