CRAN Package Check Results for Package DiagTest3Grp

Last updated on 2017-04-24 21:47:50.

Flavor Version Tinstall Tcheck Ttotal Status Flags
r-devel-linux-x86_64-debian-clang 1.6 3.94 55.77 59.71 WARN
r-devel-linux-x86_64-debian-gcc 1.6 3.68 54.92 58.60 WARN
r-devel-windows-ix86+x86_64 1.6 WARN
r-patched-linux-x86_64 1.6 3.70 55.28 58.98 WARN
r-release-linux-x86_64 1.6 3.74 54.62 58.36 WARN
r-release-windows-ix86+x86_64 1.6 12.00 99.00 111.00 WARN
r-release-osx-x86_64 1.6 WARN
r-oldrel-windows-ix86+x86_64 1.6 10.00 86.00 96.00 OK
r-oldrel-osx-x86_64 1.6 OK

Check Details

Version: 1.6
Check: S3 generic/method consistency
Result: NOTE
    Found the following apparent S3 methods exported but not registered:
     plot.DiagTest3Grp print.DiagTest3Grp
    See section ‘Registering S3 methods’ in the ‘Writing R Extensions’
    manual.
Flavors: r-devel-linux-x86_64-debian-clang, r-devel-linux-x86_64-debian-gcc, r-patched-linux-x86_64, r-release-linux-x86_64

Version: 1.6
Check: files in ‘vignettes’
Result: WARN
    Files in the 'vignettes' directory but no files in 'inst/doc':
     ‘Rvignette_DiagTest3Grp.pdf’
    Package has no Sweave vignette sources and no VignetteBuilder field.
Flavors: r-devel-linux-x86_64-debian-clang, r-devel-linux-x86_64-debian-gcc, r-devel-windows-ix86+x86_64, r-patched-linux-x86_64, r-release-linux-x86_64, r-release-windows-ix86+x86_64, r-release-osx-x86_64