CRAN Package Check Results for Package DiagTest3Grp

Last updated on 2016-12-10 18:49:23.

Flavor Version Tinstall Tcheck Ttotal Status Flags
r-devel-linux-x86_64-debian-clang 1.6 3.92 54.91 58.84 WARN
r-devel-linux-x86_64-debian-gcc 1.6 4.03 54.06 58.09 WARN
r-devel-linux-x86_64-fedora-clang 1.6 130.59 WARN --no-stop-on-test-error
r-devel-linux-x86_64-fedora-gcc 1.6 123.85 WARN --no-stop-on-test-error
r-devel-macos-x86_64-clang 1.6 94.66 WARN --no-stop-on-test-error
r-devel-windows-ix86+x86_64 1.6 10.00 95.00 105.00 WARN
r-patched-linux-x86_64 1.6 3.70 50.54 54.24 NOTE
r-patched-solaris-sparc 1.6 675.40 NOTE
r-patched-solaris-x86 1.6 141.60 NOTE
r-release-linux-x86_64 1.6 3.67 49.74 53.41 NOTE
r-release-osx-x86_64-mavericks 1.6 OK
r-release-windows-ix86+x86_64 1.6 15.00 84.00 99.00 OK
r-oldrel-windows-ix86+x86_64 1.6 14.00 89.00 103.00 OK

Check Details

Version: 1.6
Check: S3 generic/method consistency
Result: NOTE
    Found the following apparent S3 methods exported but not registered:
     plot.DiagTest3Grp print.DiagTest3Grp
    See section ‘Registering S3 methods’ in the ‘Writing R Extensions’
    manual.
Flavors: r-devel-linux-x86_64-debian-clang, r-devel-linux-x86_64-debian-gcc, r-patched-linux-x86_64, r-patched-solaris-sparc, r-patched-solaris-x86, r-release-linux-x86_64

Version: 1.6
Check: files in ‘vignettes’
Result: WARN
    Files in the 'vignettes' directory but no files in 'inst/doc':
     ‘Rvignette_DiagTest3Grp.pdf’
    Package has no Sweave vignette sources and no VignetteBuilder field.
Flavors: r-devel-linux-x86_64-debian-clang, r-devel-linux-x86_64-debian-gcc, r-devel-windows-ix86+x86_64

Version: 1.6
Flags: --no-stop-on-test-error
Check: S3 generic/method consistency
Result: NOTE
    Found the following apparent S3 methods exported but not registered:
     plot.DiagTest3Grp print.DiagTest3Grp
    See section ‘Registering S3 methods’ in the ‘Writing R Extensions’
    manual.
Flavors: r-devel-linux-x86_64-fedora-clang, r-devel-linux-x86_64-fedora-gcc, r-devel-macos-x86_64-clang

Version: 1.6
Flags: --no-stop-on-test-error
Check: files in ‘vignettes’
Result: WARN
    Files in the 'vignettes' directory but no files in 'inst/doc':
     ‘Rvignette_DiagTest3Grp.pdf’
    Package has no Sweave vignette sources and no VignetteBuilder field.
Flavors: r-devel-linux-x86_64-fedora-clang, r-devel-linux-x86_64-fedora-gcc, r-devel-macos-x86_64-clang