CRAN Package Check Results for Package Dire

Last updated on 2022-01-27 19:50:56 CET.

Flavor Version Tinstall Tcheck Ttotal Status Flags
r-devel-linux-x86_64-debian-clang 1.0.3 43.69 286.80 330.49 OK
r-devel-linux-x86_64-debian-gcc 1.0.3 30.43 198.03 228.46 OK
r-devel-linux-x86_64-fedora-clang 1.0.3 385.16 OK
r-devel-linux-x86_64-fedora-gcc 1.0.3 368.47 OK
r-devel-windows-x86_64-new-UL 1.0.3 53.00 301.00 354.00 OK
r-devel-windows-x86_64-new-TK 1.0.3 NOTE
r-patched-linux-x86_64 1.0.3 34.77 263.85 298.62 OK
r-release-linux-x86_64 1.0.3 27.20 262.33 289.53 OK
r-release-macos-arm64 1.0.3 OK
r-release-macos-x86_64 1.0.3 OK
r-release-windows-ix86+x86_64 1.0.3 98.00 545.00 643.00 OK
r-oldrel-macos-x86_64 1.0.3 OK
r-oldrel-windows-ix86+x86_64 1.0.3 97.00 560.00 657.00 OK

Check Details

Version: 1.0.3
Check: package dependencies
Result: NOTE
    Package suggested but not available for checking: 'EdSurvey'
Flavor: r-devel-windows-x86_64-new-TK