CRAN Package Check Results for Package DiscreteQvalue

Last updated on 2022-05-27 21:51:20 CEST.

Flavor Version Tinstall Tcheck Ttotal Status Flags
r-devel-linux-x86_64-debian-clang 1.1 2.07 30.91 32.98 NOTE
r-devel-linux-x86_64-debian-gcc 1.1 1.75 23.98 25.73 NOTE
r-devel-linux-x86_64-fedora-clang 1.1 40.33 NOTE
r-devel-linux-x86_64-fedora-gcc 1.1 38.88 NOTE
r-devel-windows-x86_64 1.1 18.00 46.00 64.00 NOTE
r-patched-linux-x86_64 1.1 1.95 30.31 32.26 NOTE
r-release-linux-x86_64 1.1 1.69 29.38 31.07 NOTE
r-release-macos-arm64 1.1 14.00 NOTE
r-release-macos-x86_64 1.1 20.00 NOTE
r-release-windows-x86_64 1.1 21.00 46.00 67.00 NOTE
r-oldrel-macos-arm64 1.1 18.00 NOTE
r-oldrel-macos-x86_64 1.1 26.00 NOTE
r-oldrel-windows-ix86+x86_64 1.1 6.00 42.00 48.00 NOTE

Check Details

Version: 1.1
Check: LazyData
Result: NOTE
     'LazyData' is specified without a 'data' directory
Flavors: r-devel-linux-x86_64-debian-clang, r-devel-linux-x86_64-debian-gcc, r-devel-linux-x86_64-fedora-clang, r-devel-linux-x86_64-fedora-gcc, r-devel-windows-x86_64, r-patched-linux-x86_64, r-release-linux-x86_64, r-release-macos-arm64, r-release-macos-x86_64, r-release-windows-x86_64, r-oldrel-macos-arm64, r-oldrel-macos-x86_64, r-oldrel-windows-ix86+x86_64