CRAN Package Check Results for Package DiversityOccupancy

Last updated on 2022-01-15 19:59:57 CET.

Flavor Version Tinstall Tcheck Ttotal Status Flags
r-devel-linux-x86_64-debian-clang 1.0.6 31.81 337.38 369.19 OK
r-devel-linux-x86_64-debian-gcc 1.0.6 30.68 259.58 290.26 OK
r-devel-linux-x86_64-fedora-clang 1.0.6 440.16 OK
r-devel-linux-x86_64-fedora-gcc 1.0.6 420.75 OK
r-devel-windows-x86_64-new-UL 1.0.6 130.00 332.00 462.00 OK
r-devel-windows-x86_64-new-TK 1.0.6 ERROR
r-patched-linux-x86_64 1.0.6 35.21 315.38 350.59 OK
r-release-linux-x86_64 1.0.6 34.22 317.44 351.66 OK
r-release-macos-arm64 1.0.6 OK
r-release-macos-x86_64 1.0.6 OK
r-release-windows-ix86+x86_64 1.0.6 79.00 329.00 408.00 OK
r-oldrel-macos-x86_64 1.0.6 OK
r-oldrel-windows-ix86+x86_64 1.0.6 80.00 351.00 431.00 OK

Check Details

Version: 1.0.6
Check: package dependencies
Result: ERROR
    Package required but not available: 'unmarked'
    
    See section 'The DESCRIPTION file' in the 'Writing R Extensions'
    manual.
Flavor: r-devel-windows-x86_64-new-TK