CRAN Package Check Results for Package DynNom

Last updated on 2021-04-20 21:51:36 CEST.

Flavor Version Tinstall Tcheck Ttotal Status Flags
r-devel-linux-x86_64-debian-clang 5.0.1 15.94 124.95 140.89 NOTE
r-devel-linux-x86_64-debian-gcc 5.0.1 11.75 93.19 104.94 NOTE
r-devel-linux-x86_64-fedora-clang 5.0.1 180.05 NOTE
r-devel-linux-x86_64-fedora-gcc 5.0.1 163.38 NOTE
r-devel-windows-ix86+x86_64 5.0.1 28.00 114.00 142.00 NOTE
r-devel-windows-x86_64-gcc10-UCRT 5.0.1 NOTE
r-patched-linux-x86_64 5.0.1 13.92 114.05 127.97 OK
r-patched-solaris-x86 5.0.1 240.30 OK
r-release-linux-x86_64 5.0.1 14.69 113.41 128.10 OK
r-release-macos-x86_64 5.0.1 OK
r-release-windows-ix86+x86_64 5.0.1 37.00 147.00 184.00 OK
r-oldrel-macos-x86_64 5.0.1 OK
r-oldrel-windows-ix86+x86_64 5.0.1 33.00 142.00 175.00 OK

Check Details

Version: 5.0.1
Check: LazyData
Result: NOTE
     'LazyData' is specified without a 'data' directory
Flavors: r-devel-linux-x86_64-debian-clang, r-devel-linux-x86_64-debian-gcc, r-devel-linux-x86_64-fedora-clang, r-devel-linux-x86_64-fedora-gcc, r-devel-windows-ix86+x86_64, r-devel-windows-x86_64-gcc10-UCRT