CRAN Package Check Results for Package EFA.MRFA

Last updated on 2022-11-30 19:53:26 CET.

Flavor Version Tinstall Tcheck Ttotal Status Flags
r-devel-linux-x86_64-debian-clang 1.1.2 4.24 45.56 49.80 OK
r-devel-linux-x86_64-debian-gcc 1.1.2 2.38 33.73 36.11 OK
r-devel-linux-x86_64-fedora-clang 1.1.2 71.72 NOTE
r-devel-linux-x86_64-fedora-gcc 1.1.2 72.63 NOTE
r-devel-windows-x86_64 1.1.2 11.00 78.00 89.00 OK
r-patched-linux-x86_64 1.1.2 3.63 43.56 47.19 OK
r-release-linux-x86_64 1.1.2 4.30 43.71 48.01 OK
r-release-macos-arm64 1.1.2 22.00 NOTE
r-release-macos-x86_64 1.1.2 35.00 NOTE
r-release-windows-x86_64 1.1.2 10.00 73.00 83.00 OK
r-oldrel-macos-arm64 1.1.2 28.00 NOTE
r-oldrel-macos-x86_64 1.1.2 28.00 NOTE
r-oldrel-windows-ix86+x86_64 1.1.2 9.00 72.00 81.00 OK

Check Details

Version: 1.1.2
Check: dependencies in R code
Result: NOTE
    Namespace in Imports field not imported from: ‘PCovR’
     All declared Imports should be used.
Flavors: r-devel-linux-x86_64-fedora-clang, r-devel-linux-x86_64-fedora-gcc, r-release-macos-arm64, r-release-macos-x86_64, r-oldrel-macos-arm64, r-oldrel-macos-x86_64