CRAN Package Check Results for Package EGRETci

Last updated on 2022-12-04 19:49:46 CET.

Flavor Version Tinstall Tcheck Ttotal Status Flags
r-devel-linux-x86_64-debian-clang 2.0.4 6.40 55.84 62.24 OK
r-devel-linux-x86_64-debian-gcc 2.0.4 4.07 42.83 46.90 OK
r-devel-linux-x86_64-fedora-clang 2.0.4 86.23 OK
r-devel-linux-x86_64-fedora-gcc 2.0.4 100.12 OK
r-devel-windows-x86_64 2.0.4 30.00 87.00 117.00 OK
r-patched-linux-x86_64 2.0.4 12.64 52.86 65.50 OK
r-release-linux-x86_64 2.0.4 4.03 49.98 54.01 OK
r-release-macos-arm64 2.0.4 28.00 ERROR
r-release-macos-x86_64 2.0.4 41.00 OK
r-release-windows-x86_64 2.0.4 27.00 88.00 115.00 OK
r-oldrel-macos-arm64 2.0.4 32.00 ERROR
r-oldrel-macos-x86_64 2.0.4 48.00 OK
r-oldrel-windows-ix86+x86_64 2.0.4 13.00 77.00 90.00 OK

Check Details

Version: 2.0.4
Check: tests
Result: ERROR
     Running ‘testthat.R’ [1s/1s]
    Running the tests in ‘tests/testthat.R’ failed.
    Last 13 lines of output:
     > library(EGRETci)
     > test_check("EGRETci")
     [ FAIL 1 | WARN 0 | SKIP 10 | PASS 16 ]
    
     ══ Skipped tests ═══════════════════════════════════════════════════════════════
     • On CRAN (10)
    
     ══ Failed tests ════════════════════════════════════════════════════════════════
     ── Failure ('tests_boot_tests.R:112'): paVector ────────────────────────────────
     `paIndexWinter` not equal to 11:13.
     Lengths differ: 4 is not 3
    
     [ FAIL 1 | WARN 0 | SKIP 10 | PASS 16 ]
     Error: Test failures
     Execution halted
Flavors: r-release-macos-arm64, r-oldrel-macos-arm64