CRAN Package Check Results for Package ESTER

Last updated on 2021-11-29 19:51:28 CET.

Flavor Version Tinstall Tcheck Ttotal Status Flags
r-devel-linux-x86_64-debian-clang 0.2.0 19.91 195.52 215.43 NOTE
r-devel-linux-x86_64-debian-gcc 0.2.0 14.92 148.03 162.95 NOTE
r-devel-linux-x86_64-fedora-clang 0.2.0 269.28 NOTE
r-devel-linux-x86_64-fedora-gcc 0.2.0 252.65 NOTE
r-devel-windows-x86_64-new-UL 0.2.0 34.00 268.00 302.00 NOTE
r-devel-windows-x86_64-new-TK 0.2.0 NOTE
r-devel-windows-x86_64-old 0.2.0 32.00 188.00 220.00 NOTE
r-patched-linux-x86_64 0.2.0 19.46 187.16 206.62 NOTE
r-patched-solaris-x86 0.2.0 455.80 NOTE
r-release-linux-x86_64 0.2.0 20.24 183.04 203.28 NOTE
r-release-macos-arm64 0.2.0 NOTE
r-release-macos-x86_64 0.2.0 NOTE
r-release-windows-ix86+x86_64 0.2.0 8.00 9.00 17.00 ERROR
r-oldrel-macos-x86_64 0.2.0 OK
r-oldrel-windows-ix86+x86_64 0.2.0 5.00 6.00 11.00 ERROR

Check Details

Version: 0.2.0
Check: LazyData
Result: NOTE
     'LazyData' is specified without a 'data' directory
Flavors: r-devel-linux-x86_64-debian-clang, r-devel-linux-x86_64-debian-gcc, r-devel-linux-x86_64-fedora-clang, r-devel-linux-x86_64-fedora-gcc, r-devel-windows-x86_64-new-UL, r-devel-windows-x86_64-new-TK, r-devel-windows-x86_64-old, r-patched-linux-x86_64, r-patched-solaris-x86, r-release-linux-x86_64, r-release-macos-arm64, r-release-macos-x86_64

Version: 0.2.0
Check: whether package can be installed
Result: ERROR
    Installation failed.
Flavors: r-release-windows-ix86+x86_64, r-oldrel-windows-ix86+x86_64