CRAN Package Check Results for Package ESTER

Last updated on 2024-03-02 19:50:16 CET.

Flavor Version Tinstall Tcheck Ttotal Status Flags
r-devel-linux-x86_64-debian-clang 0.2.0 36.75 266.30 303.05 NOTE
r-devel-linux-x86_64-debian-gcc 0.2.0 32.54 193.78 226.32 NOTE
r-devel-linux-x86_64-fedora-clang 0.2.0 378.81 NOTE
r-devel-linux-x86_64-fedora-gcc 0.2.0 392.15 NOTE
r-devel-windows-x86_64 0.2.0 26.00 186.00 212.00 NOTE
r-patched-linux-x86_64 0.2.0 28.32 260.22 288.54 NOTE
r-release-linux-x86_64 0.2.0 29.52 258.83 288.35 NOTE
r-release-macos-arm64 0.2.0 94.00 NOTE
r-release-macos-x86_64 0.2.0 148.00 NOTE
r-release-windows-x86_64 0.2.0 32.00 244.00 276.00 NOTE
r-oldrel-macos-arm64 0.2.0 83.00 NOTE
r-oldrel-windows-x86_64 0.2.0 34.00 260.00 294.00 NOTE

Check Details

Version: 0.2.0
Check: Rd files
Result: NOTE checkRd: (-1) aic.Rd:25: Escaped LaTeX specials: \& checkRd: (-1) aic.Rd:29: Escaped LaTeX specials: \& checkRd: (-1) ictab.Rd:56: Escaped LaTeX specials: \& checkRd: (-1) ictab.Rd:60: Escaped LaTeX specials: \& checkRd: (-1) ictab.Rd:64: Escaped LaTeX specials: \& Flavors: r-devel-linux-x86_64-debian-clang, r-devel-linux-x86_64-debian-gcc, r-devel-linux-x86_64-fedora-clang, r-devel-linux-x86_64-fedora-gcc, r-devel-windows-x86_64, r-patched-linux-x86_64, r-release-linux-x86_64, r-release-macos-arm64, r-release-macos-x86_64, r-release-windows-x86_64

Version: 0.2.0
Check: LazyData
Result: NOTE 'LazyData' is specified without a 'data' directory Flavors: r-devel-linux-x86_64-debian-clang, r-devel-linux-x86_64-debian-gcc, r-devel-linux-x86_64-fedora-clang, r-devel-linux-x86_64-fedora-gcc, r-devel-windows-x86_64, r-patched-linux-x86_64, r-release-linux-x86_64, r-release-macos-arm64, r-release-macos-x86_64, r-release-windows-x86_64, r-oldrel-macos-arm64, r-oldrel-windows-x86_64