CRAN Package Check Results for Package EValue

Last updated on 2021-12-04 19:52:54 CET.

Flavor Version Tinstall Tcheck Ttotal Status Flags
r-devel-linux-x86_64-debian-clang 4.1.3 13.44 128.78 142.22 OK
r-devel-linux-x86_64-debian-gcc 4.1.3 9.48 97.86 107.34 OK
r-devel-linux-x86_64-fedora-clang 4.1.3 172.99 NOTE
r-devel-linux-x86_64-fedora-gcc 4.1.3 154.59 NOTE
r-devel-windows-x86_64-new-UL 4.1.3 28.00 186.00 214.00 OK
r-devel-windows-x86_64-new-TK 4.1.3 NOTE
r-devel-windows-x86_64-old 4.1.3 21.00 124.00 145.00 OK
r-patched-linux-x86_64 4.1.3 12.82 124.73 137.55 OK
r-release-linux-x86_64 4.1.3 13.73 125.05 138.78 OK
r-release-macos-arm64 4.1.3 NOTE
r-release-macos-x86_64 4.1.3 NOTE
r-release-windows-ix86+x86_64 4.1.3 27.00 170.00 197.00 OK
r-oldrel-macos-x86_64 4.1.3 NOTE
r-oldrel-windows-ix86+x86_64 4.1.3 28.00 167.00 195.00 OK

Check Details

Version: 4.1.3
Check: dependencies in R code
Result: NOTE
    Namespace in Imports field not imported from: ‘metadat’
     All declared Imports should be used.
Flavors: r-devel-linux-x86_64-fedora-clang, r-devel-linux-x86_64-fedora-gcc, r-devel-windows-x86_64-new-TK, r-release-macos-arm64, r-release-macos-x86_64, r-oldrel-macos-x86_64