CRAN Package Check Results for Package Ecdat

Last updated on 2022-01-26 19:50:30 CET.

Flavor Version Tinstall Tcheck Ttotal Status Flags
r-devel-linux-x86_64-debian-clang 0.3-9 11.16 68.32 79.48 OK
r-devel-linux-x86_64-debian-gcc 0.3-9 11.40 53.18 64.58 OK
r-devel-linux-x86_64-fedora-clang 0.3-9 100.72 NOTE
r-devel-linux-x86_64-fedora-gcc 0.3-9 91.06 OK
r-devel-windows-x86_64-new-UL 0.3-9 123.00 113.00 236.00 OK
r-devel-windows-x86_64-new-TK 0.3-9 NOTE
r-patched-linux-x86_64 0.3-9 24.17 63.20 87.37 OK
r-release-linux-x86_64 0.3-9 11.14 63.85 74.99 OK
r-release-macos-arm64 0.3-9 NOTE
r-release-macos-x86_64 0.3-9 OK
r-release-windows-ix86+x86_64 0.3-9 29.00 89.00 118.00 OK
r-oldrel-macos-x86_64 0.3-9 OK
r-oldrel-windows-ix86+x86_64 0.3-9 31.00 89.00 120.00 OK

Check Details

Version: 0.3-9
Check: Rd cross-references
Result: NOTE
    Undeclared packages ‘plm’, ‘systemfit’, ‘carData’, ‘wooldridge’ in Rd xrefs
Flavor: r-devel-linux-x86_64-fedora-clang

Version: 0.3-9
Check: Rd cross-references
Result: NOTE
    Package unavailable to check Rd xrefs: 'systemfit'
Flavor: r-devel-windows-x86_64-new-TK

Version: 0.3-9
Check: installed package size
Result: NOTE
     installed size is 5.3Mb
     sub-directories of 1Mb or more:
     data 4.7Mb
Flavor: r-release-macos-arm64