CRAN Package Check Results for Package EcoNetGen

Last updated on 2021-11-28 19:48:50 CET.

Flavor Version Tinstall Tcheck Ttotal Status Flags
r-devel-linux-x86_64-debian-clang 0.2.3 NOTE
r-devel-linux-x86_64-debian-gcc 0.2.3 5.04 40.31 45.35 NOTE
r-devel-linux-x86_64-fedora-clang 0.2.3 87.33 NOTE
r-devel-linux-x86_64-fedora-gcc 0.2.3 70.75 NOTE
r-devel-windows-x86_64-new-UL 0.2.3 16.00 96.00 112.00 NOTE
r-devel-windows-x86_64-new-TK 0.2.3 NOTE
r-devel-windows-x86_64-old 0.2.3 11.00 66.00 77.00 NOTE
r-patched-linux-x86_64 0.2.3 6.02 49.02 55.04 NOTE
r-patched-solaris-x86 0.2.3 112.40 NOTE
r-release-linux-x86_64 0.2.3 6.43 49.59 56.02 NOTE
r-release-macos-arm64 0.2.3 NOTE
r-release-macos-x86_64 0.2.3 NOTE
r-release-windows-ix86+x86_64 0.2.3 20.00 95.00 115.00 NOTE
r-oldrel-macos-x86_64 0.2.3 OK
r-oldrel-windows-ix86+x86_64 0.2.3 34.00 98.00 132.00 OK

Check Details

Version: 0.2.3
Check: LazyData
Result: NOTE
     'LazyData' is specified without a 'data' directory
Flavors: r-devel-linux-x86_64-debian-clang, r-devel-linux-x86_64-debian-gcc, r-devel-linux-x86_64-fedora-clang, r-devel-linux-x86_64-fedora-gcc, r-devel-windows-x86_64-new-UL, r-devel-windows-x86_64-new-TK, r-devel-windows-x86_64-old, r-patched-linux-x86_64, r-patched-solaris-x86, r-release-linux-x86_64, r-release-macos-arm64, r-release-macos-x86_64, r-release-windows-ix86+x86_64