CRAN Package Check Results for Package EdSurvey

Last updated on 2022-01-26 19:50:30 CET.

Flavor Version Tinstall Tcheck Ttotal Status Flags
r-devel-linux-x86_64-debian-clang 2.7.1 55.09 416.91 472.00 OK
r-devel-linux-x86_64-debian-gcc 2.7.1 44.74 357.09 401.83 OK
r-devel-linux-x86_64-fedora-clang 2.7.1 550.76 OK
r-devel-linux-x86_64-fedora-gcc 2.7.1 564.11 OK
r-devel-windows-x86_64-new-UL 2.7.1 332.00 432.00 764.00 OK
r-devel-windows-x86_64-new-TK 2.7.1 ERROR
r-patched-linux-x86_64 2.7.1 55.47 381.46 436.93 OK
r-release-linux-x86_64 2.7.1 40.18 380.44 420.62 OK
r-release-macos-arm64 2.7.1 OK
r-release-macos-x86_64 2.7.1 OK
r-release-windows-ix86+x86_64 2.7.1 101.00 414.00 515.00 OK
r-oldrel-macos-x86_64 2.7.1 OK
r-oldrel-windows-ix86+x86_64 2.7.1 101.00 418.00 519.00 OK

Check Details

Version: 2.7.1
Check: package dependencies
Result: ERROR
    Packages required but not available: 'car', 'lme4', 'WeMix'
    
    See section 'The DESCRIPTION file' in the 'Writing R Extensions'
    manual.
Flavor: r-devel-windows-x86_64-new-TK