Last updated on 2023-09-26 23:04:12 CEST.
Flavor | Version | Tinstall | Tcheck | Ttotal | Status | Flags |
---|---|---|---|---|---|---|
r-devel-linux-x86_64-debian-clang | 0.46.11 | 72.05 | 195.30 | 267.35 | OK | |
r-devel-linux-x86_64-debian-gcc | 0.46.11 | 47.56 | 144.89 | 192.45 | OK | |
r-devel-linux-x86_64-fedora-clang | 0.46.11 | 358.39 | OK | |||
r-devel-linux-x86_64-fedora-gcc | 0.46.11 | 366.24 | OK | |||
r-devel-windows-x86_64 | 0.46.11 | 57.00 | 276.00 | 333.00 | NOTE | |
r-patched-linux-x86_64 | 0.46.11 | 72.74 | 184.44 | 257.18 | OK | |
r-release-linux-x86_64 | 0.46.11 | 73.49 | 186.12 | 259.61 | OK | |
r-release-macos-arm64 | 0.46.11 | 101.00 | OK | |||
r-release-macos-x86_64 | 0.46.11 | 156.00 | OK | |||
r-release-windows-x86_64 | 0.46.11 | 71.00 | 217.00 | 288.00 | NOTE | |
r-oldrel-macos-arm64 | 0.46.11 | 101.00 | OK | |||
r-oldrel-macos-x86_64 | 0.46.11 | 116.00 | OK | |||
r-oldrel-windows-x86_64 | 0.46.11 | 69.00 | 206.00 | 275.00 | OK |
Version: 0.46.11
Check: C++ specification
Result: NOTE
Specified C++11: please drop specification unless essential
Flavors: r-devel-windows-x86_64, r-release-windows-x86_64