CRAN Package Check Results for Package EnsembleBase

Last updated on 2024-02-22 19:55:31 CET.

Flavor Version Tinstall Tcheck Ttotal Status Flags
r-devel-linux-x86_64-debian-clang 1.0.2 NOTE
r-devel-linux-x86_64-debian-gcc 1.0.2 12.01 80.80 92.81 NOTE
r-devel-linux-x86_64-fedora-clang 1.0.2 155.66 NOTE
r-devel-linux-x86_64-fedora-gcc 1.0.2 154.76 NOTE
r-devel-windows-x86_64 1.0.2 12.00 95.00 107.00 OK
r-patched-linux-x86_64 1.0.2 13.32 104.44 117.76 OK
r-release-linux-x86_64 1.0.2 14.88 105.39 120.27 OK
r-release-macos-arm64 1.0.2 50.00 OK
r-release-macos-x86_64 1.0.2 79.00 OK
r-release-windows-x86_64 1.0.2 16.00 124.00 140.00 OK
r-oldrel-macos-arm64 1.0.2 40.00 OK
r-oldrel-windows-x86_64 1.0.2 17.00 116.00 133.00 OK

Check Details

Version: 1.0.2
Check: Rd files
Result: NOTE checkRd: (-1) ALL.Regression.Config-class.Rd:39: Lost braces 39 | \item{code{shrinkage}:}{Object of class \code{"numeric"}, defining the shrinkage parameter applied to each tree in expansion.} | ^ Flavors: r-devel-linux-x86_64-debian-clang, r-devel-linux-x86_64-debian-gcc, r-devel-linux-x86_64-fedora-clang, r-devel-linux-x86_64-fedora-gcc