Last updated on 2025-01-24 19:48:26 CET.
Flavor | Version | Tinstall | Tcheck | Ttotal | Status | Flags |
---|---|---|---|---|---|---|
r-devel-linux-x86_64-debian-clang | 0.8 | 9.58 | 79.54 | 89.12 | NOTE | |
r-devel-linux-x86_64-debian-gcc | 0.8 | 7.09 | 57.03 | 64.12 | NOTE | |
r-devel-linux-x86_64-fedora-clang | 0.8 | 154.37 | OK | |||
r-devel-linux-x86_64-fedora-gcc | 0.8 | 150.12 | OK | |||
r-devel-windows-x86_64 | 0.8 | 12.00 | 93.00 | 105.00 | NOTE | |
r-patched-linux-x86_64 | 0.8 | 11.10 | 74.47 | 85.57 | OK | |
r-release-linux-x86_64 | 0.8 | 8.59 | 74.26 | 82.85 | OK | |
r-release-macos-arm64 | 0.8 | 43.00 | OK | |||
r-release-macos-x86_64 | 0.8 | 62.00 | OK | |||
r-release-windows-x86_64 | 0.8 | 11.00 | 92.00 | 103.00 | OK | |
r-oldrel-macos-arm64 | 0.8 | 44.00 | OK | |||
r-oldrel-macos-x86_64 | 0.8 | 70.00 | OK | |||
r-oldrel-windows-x86_64 | 0.8 | 13.00 | 111.00 | 124.00 | OK |
Version: 0.8
Check: Rd cross-references
Result: NOTE
Found the following Rd file(s) with Rd \link{} targets missing package
anchors:
Regression.Select.MinAvgErr.Config-class.Rd: Instance.List-class,
Regression.Select.Config-class
Regression.Select.MinAvgErr.FitObj-class.Rd:
Regression.Select.Config-class, RegressionSelectPred-class,
Regression.Select.FitObj-class
ecv.regression.Rd: Instance.List-class,
Regression.CV.Batch.FitObj-class, Regression.Batch.FitObj-class
ecv.regression.baselearner.control.Rd: rmse.error
Please provide package anchors for all Rd \link{} targets not in the
package itself and the base packages.
Flavors: r-devel-linux-x86_64-debian-clang, r-devel-linux-x86_64-debian-gcc, r-devel-windows-x86_64