Last updated on 2022-05-25 21:52:58 CEST.
Flavor | Version | Tinstall | Tcheck | Ttotal | Status | Flags |
---|---|---|---|---|---|---|
r-devel-linux-x86_64-debian-clang | 1.0.4 | 10.59 | 119.58 | 130.17 | OK | |
r-devel-linux-x86_64-debian-gcc | 1.0.4 | 8.36 | 90.24 | 98.60 | OK | |
r-devel-linux-x86_64-fedora-clang | 1.0.4 | 156.94 | OK | |||
r-devel-linux-x86_64-fedora-gcc | 1.0.4 | 161.14 | OK | |||
r-devel-windows-x86_64 | 1.0.4 | 40.00 | 134.00 | 174.00 | OK | |
r-patched-linux-x86_64 | 1.0.4 | 12.25 | 114.94 | 127.19 | OK | |
r-release-linux-x86_64 | 1.0.4 | OK | ||||
r-release-macos-arm64 | 1.0.4 | 41.00 | NOTE | |||
r-release-macos-x86_64 | 1.0.4 | 60.00 | NOTE | |||
r-release-windows-x86_64 | 1.0.4 | 51.00 | 131.00 | 182.00 | OK | |
r-oldrel-macos-arm64 | 1.0.4 | 48.00 | NOTE | |||
r-oldrel-macos-x86_64 | 1.0.4 | 85.00 | NOTE | |||
r-oldrel-windows-ix86+x86_64 | 1.0.4 | 29.00 | 175.00 | 204.00 | OK |
Version: 1.0.4
Check: package dependencies
Result: NOTE
Package suggested but not available for checking: ‘Rmpi’
Flavors: r-release-macos-arm64, r-release-macos-x86_64, r-oldrel-macos-arm64, r-oldrel-macos-x86_64