Last updated on 2021-01-15 19:48:29 CET.
Flavor | Version | Tinstall | Tcheck | Ttotal | Status | Flags |
---|---|---|---|---|---|---|
r-devel-linux-x86_64-debian-clang | 2.42 | 24.13 | 472.06 | 496.19 | OK | |
r-devel-linux-x86_64-debian-gcc | 2.42 | 19.41 | 349.70 | 369.11 | OK | |
r-devel-linux-x86_64-fedora-clang | 2.42 | 597.84 | NOTE | |||
r-devel-linux-x86_64-fedora-gcc | 2.42 | 618.44 | OK | |||
r-devel-windows-ix86+x86_64 | 2.42 | 48.00 | 668.00 | 716.00 | OK | |
r-patched-linux-x86_64 | 2.42 | 23.17 | 469.95 | 493.12 | OK | |
r-patched-solaris-x86 | 2.42 | 969.60 | OK | |||
r-release-linux-x86_64 | 2.42 | 22.36 | 466.02 | 488.38 | OK | |
r-release-macos-x86_64 | 2.42 | OK | ||||
r-release-windows-ix86+x86_64 | 2.42 | 38.00 | 589.00 | 627.00 | OK | |
r-oldrel-macos-x86_64 | 2.42 | OK | ||||
r-oldrel-windows-ix86+x86_64 | 2.42 | 31.00 | 508.00 | 539.00 | OK |
Version: 2.42
Check: Rd cross-references
Result: NOTE
Undeclared packages ‘ilc’, ‘demography’ in Rd xrefs
Flavor: r-devel-linux-x86_64-fedora-clang