Last updated on 2025-01-17 21:49:30 CET.
Flavor | Version | Tinstall | Tcheck | Ttotal | Status | Flags |
---|---|---|---|---|---|---|
r-devel-linux-x86_64-debian-clang | 1.1.7 | 30.05 | 66.07 | 96.12 | NOTE | |
r-devel-linux-x86_64-debian-gcc | 1.1.7 | 19.98 | 43.49 | 63.47 | NOTE | |
r-devel-linux-x86_64-fedora-clang | 1.1.7 | 152.51 | OK | |||
r-devel-linux-x86_64-fedora-gcc | 1.1.7 | 144.14 | OK | |||
r-devel-windows-x86_64 | 1.1.7 | 31.00 | 76.00 | 107.00 | NOTE | |
r-patched-linux-x86_64 | 1.1.7 | 32.89 | 56.08 | 88.97 | OK | |
r-release-linux-x86_64 | 1.1.7 | 31.13 | 55.62 | 86.75 | OK | |
r-release-macos-arm64 | 1.1.7 | 44.00 | OK | |||
r-release-macos-x86_64 | 1.1.7 | 54.00 | OK | |||
r-release-windows-x86_64 | 1.1.7 | 34.00 | 77.00 | 111.00 | OK | |
r-oldrel-macos-arm64 | 1.1.7 | 47.00 | OK | |||
r-oldrel-macos-x86_64 | 1.1.7 | 73.00 | OK | |||
r-oldrel-windows-x86_64 | 1.1.7 | 29.00 | 89.00 | 118.00 | OK |
Version: 1.1.7
Check: Rd cross-references
Result: NOTE
Found the following Rd file(s) with Rd \link{} targets missing package
anchors:
plot.epictmcmc.Rd: mcmc, plot.mcmc
summary.epictmcmc.Rd: mcmc
Please provide package anchors for all Rd \link{} targets not in the
package itself and the base packages.
Flavors: r-devel-linux-x86_64-debian-clang, r-devel-linux-x86_64-debian-gcc, r-devel-windows-x86_64