CRAN Package Check Results for Package EurosarcBayes

Last updated on 2024-06-13 21:49:12 CEST.

Flavor Version Tinstall Tcheck Ttotal Status Flags
r-devel-linux-x86_64-debian-clang 1.1 11.67 111.75 123.42 OK
r-devel-linux-x86_64-debian-gcc 1.1 8.71 79.13 87.84 OK
r-devel-linux-x86_64-fedora-clang 1.1 148.44 OK
r-devel-linux-x86_64-fedora-gcc 1.1 138.93 OK
r-devel-windows-x86_64 1.1 10.00 94.00 104.00 OK
r-patched-linux-x86_64 1.1 14.97 106.07 121.04 OK
r-release-linux-x86_64 1.1 8.88 103.78 112.66 OK
r-release-macos-arm64 1.1 40.00 OK
r-release-macos-x86_64 1.1 62.00 OK
r-release-windows-x86_64 1.1 10.00 8.00 18.00 ERROR
r-oldrel-macos-arm64 1.1 43.00 OK
r-oldrel-macos-x86_64 1.1 68.00 OK
r-oldrel-windows-x86_64 1.1 13.00 114.00 127.00 OK

Check Details

Version: 1.1
Check: R files for syntax errors
Result: WARN Fatal error: couldn't allocate node stack Flavor: r-release-windows-x86_64

Version: 1.1
Check: whether the package can be loaded
Result: ERROR Loading this package had a fatal error status code 301 Flavor: r-release-windows-x86_64