CRAN Package Check Results for Package EvaluationMeasures

Last updated on 2024-05-23 21:50:41 CEST.

Flavor Version Tinstall Tcheck Ttotal Status Flags
r-devel-linux-x86_64-debian-clang 1.1.0 2.71 24.38 27.09 NOTE
r-devel-linux-x86_64-debian-gcc 1.1.0 1.92 18.60 20.52 NOTE
r-devel-linux-x86_64-fedora-clang 1.1.0 33.77 NOTE
r-devel-linux-x86_64-fedora-gcc 1.1.0 31.37 NOTE
r-devel-windows-x86_64 1.1.0 4.00 41.00 45.00 NOTE
r-patched-linux-x86_64 1.1.0 2.86 23.38 26.24 NOTE
r-release-linux-x86_64 1.1.0 2.51 23.78 26.29 NOTE
r-release-macos-arm64 1.1.0 14.00 NOTE
r-release-windows-x86_64 1.1.0 3.00 40.00 43.00 NOTE
r-oldrel-macos-arm64 1.1.0 15.00 NOTE
r-oldrel-macos-x86_64 1.1.0 21.00 NOTE
r-oldrel-windows-x86_64 1.1.0 7.00 41.00 48.00 NOTE

Check Details

Version: 1.1.0
Check: LazyData
Result: NOTE 'LazyData' is specified without a 'data' directory Flavors: r-devel-linux-x86_64-debian-clang, r-devel-linux-x86_64-debian-gcc, r-devel-linux-x86_64-fedora-clang, r-devel-linux-x86_64-fedora-gcc, r-devel-windows-x86_64, r-patched-linux-x86_64, r-release-linux-x86_64, r-release-macos-arm64, r-release-windows-x86_64, r-oldrel-macos-arm64, r-oldrel-macos-x86_64, r-oldrel-windows-x86_64