CRAN Package Check Results for Package ExGaussEstim

Last updated on 2024-04-15 21:54:33 CEST.

Flavor Version Tinstall Tcheck Ttotal Status Flags
r-devel-linux-x86_64-debian-clang 0.1.2 8.49 64.10 72.59 OK
r-devel-linux-x86_64-debian-gcc 0.1.2 6.24 49.28 55.52 OK
r-devel-linux-x86_64-fedora-clang 0.1.2 90.27 NOTE
r-devel-linux-x86_64-fedora-gcc 0.1.2 85.72 NOTE
r-prerel-macos-arm64 0.1.2 31.00 OK
r-prerel-windows-x86_64 0.1.2 7.00 61.00 68.00 OK
r-patched-linux-x86_64 0.1.2 5.05 61.59 66.64 OK
r-release-linux-x86_64 0.1.2 5.04 64.77 69.81 OK
r-release-macos-arm64 0.1.2 34.00 OK
r-release-macos-x86_64 0.1.2 59.00 OK
r-release-windows-x86_64 0.1.2 9.00 73.00 82.00 OK
r-oldrel-macos-arm64 0.1.2 63.00 OK
r-oldrel-windows-x86_64 0.1.2 10.00 77.00 87.00 OK

Check Details

Version: 0.1.2
Check: dependencies in R code
Result: NOTE Namespace in Imports field not imported from: ‘gamlss.dist’ All declared Imports should be used. Flavors: r-devel-linux-x86_64-fedora-clang, r-devel-linux-x86_64-fedora-gcc