CRAN Package Check Results for Package ExtremalDep

Last updated on 2022-06-25 21:52:59 CEST.

Flavor Version Tinstall Tcheck Ttotal Status Flags
r-devel-linux-x86_64-debian-clang 0.0.3-5 26.73 139.16 165.89 OK
r-devel-linux-x86_64-debian-gcc 0.0.3-5 18.96 103.60 122.56 OK
r-devel-linux-x86_64-fedora-clang 0.0.3-5 210.26 WARN
r-devel-linux-x86_64-fedora-gcc 0.0.3-5 214.82 WARN
r-devel-windows-x86_64 0.0.3-5 77.00 159.00 236.00 OK
r-patched-linux-x86_64 0.0.3-5 23.52 131.44 154.96 OK
r-release-linux-x86_64 0.0.3-5 20.70 129.10 149.80 OK
r-release-macos-arm64 0.0.3-5 52.00 OK
r-release-macos-x86_64 0.0.3-5 79.00 OK
r-release-windows-x86_64 0.0.3-5 80.00 156.00 236.00 OK
r-oldrel-macos-arm64 0.0.3-5 58.00 OK
r-oldrel-macos-x86_64 0.0.3-5 77.00 OK
r-oldrel-windows-ix86+x86_64 0.0.3-5 53.00 195.00 248.00 OK

Check Details

Version: 0.0.3-5
Check: package dependencies
Result: WARN
    Requires orphaned package: ‘gtools’
Flavors: r-devel-linux-x86_64-fedora-clang, r-devel-linux-x86_64-fedora-gcc