CRAN Package Check Results for Package FBFsearch

Last updated on 2024-03-02 19:50:17 CET.

Flavor Version Tinstall Tcheck Ttotal Status Flags
r-devel-linux-x86_64-debian-clang 1.2 22.26 35.25 57.51 OK
r-devel-linux-x86_64-debian-gcc 1.2 23.17 27.08 50.25 OK
r-devel-linux-x86_64-fedora-clang 1.2 83.69 OK
r-devel-linux-x86_64-fedora-gcc 1.2 84.90 OK
r-devel-windows-x86_64 1.2 24.00 73.00 97.00 OK
r-patched-linux-x86_64 1.2 31.15 34.59 65.74 OK
r-release-linux-x86_64 1.2 24.57 34.35 58.92 OK
r-release-macos-arm64 1.2 30.00 NOTE
r-release-macos-x86_64 1.2 44.00 NOTE
r-release-windows-x86_64 1.2 25.00 79.00 104.00 OK
r-oldrel-macos-arm64 1.2 28.00 NOTE
r-oldrel-windows-x86_64 1.2 28.00 78.00 106.00 OK

Check Details

Version: 1.2
Check: installed package size
Result: NOTE installed size is 6.0Mb sub-directories of 1Mb or more: data 3.5Mb libs 2.3Mb Flavors: r-release-macos-arm64, r-release-macos-x86_64, r-oldrel-macos-arm64