CRAN Package Check Results for Package FCSlib

Last updated on 2022-06-27 21:51:19 CEST.

Flavor Version Tinstall Tcheck Ttotal Status Flags
r-devel-linux-x86_64-debian-clang 1.3.0 12.09 87.26 99.35 OK
r-devel-linux-x86_64-debian-gcc 1.3.0 9.54 64.39 73.93 OK
r-devel-linux-x86_64-fedora-clang 1.3.0 126.48 OK
r-devel-linux-x86_64-fedora-gcc 1.3.0 126.70 OK
r-devel-windows-x86_64 1.3.0 21.00 121.00 142.00 OK
r-patched-linux-x86_64 1.3.0 15.27 83.86 99.13 OK
r-release-linux-x86_64 1.3.0 12.01 82.47 94.48 OK
r-release-macos-arm64 1.3.0 41.00 NOTE
r-release-macos-x86_64 1.3.0 68.00 OK
r-release-windows-x86_64 1.3.0 20.00 116.00 136.00 OK
r-oldrel-macos-arm64 1.3.0 45.00 NOTE
r-oldrel-macos-x86_64 1.3.0 51.00 OK
r-oldrel-windows-ix86+x86_64 1.3.0 26.00 107.00 133.00 OK

Additional issues

donttest

Check Details

Version: 1.3.0
Check: installed package size
Result: NOTE
     installed size is 5.7Mb
     sub-directories of 1Mb or more:
     data 5.6Mb
Flavors: r-release-macos-arm64, r-oldrel-macos-arm64