Last updated on 2022-08-18 21:49:47 CEST.
Flavor | Version | Tinstall | Tcheck | Ttotal | Status | Flags |
---|---|---|---|---|---|---|
r-devel-linux-x86_64-debian-clang | 1.0-8 | 11.19 | 81.70 | 92.89 | OK | |
r-devel-linux-x86_64-debian-gcc | 1.0-8 | 7.92 | 61.50 | 69.42 | OK | |
r-devel-linux-x86_64-fedora-clang | 1.0-8 | 123.11 | NOTE | |||
r-devel-linux-x86_64-fedora-gcc | 1.0-8 | 127.55 | NOTE | |||
r-devel-windows-x86_64 | 1.0-8 | 38.00 | 131.00 | 169.00 | OK | |
r-patched-linux-x86_64 | 1.0-8 | 11.36 | 84.28 | 95.64 | OK | |
r-release-linux-x86_64 | 1.0-8 | OK | ||||
r-release-macos-arm64 | 1.0-8 | 63.00 | OK | |||
r-release-macos-x86_64 | 1.0-8 | 83.00 | OK | |||
r-release-windows-x86_64 | 1.0-8 | 40.00 | 138.00 | 178.00 | OK | |
r-oldrel-macos-arm64 | 1.0-8 | 90.00 | OK | |||
r-oldrel-macos-x86_64 | 1.0-8 | 89.00 | OK | |||
r-oldrel-windows-ix86+x86_64 | 1.0-8 | 24.00 | 137.00 | 161.00 | OK |
Version: 1.0-8
Check: compiled code
Result: NOTE
File ‘FFD/libs/FFD.so’:
Found no calls to: ‘R_registerRoutines’, ‘R_useDynamicSymbols’
It is good practice to register native routines and to disable symbol
search.
See ‘Writing portable packages’ in the ‘Writing R Extensions’ manual.
Flavors: r-devel-linux-x86_64-fedora-clang, r-devel-linux-x86_64-fedora-gcc