CRAN Package Check Results for Package FIT

Last updated on 2022-09-25 21:54:50 CEST.

Flavor Version Tinstall Tcheck Ttotal Status Flags
r-devel-linux-x86_64-debian-clang 0.0.6 40.73 107.23 147.96 NOTE
r-devel-linux-x86_64-debian-gcc 0.0.6 40.64 74.74 115.38 NOTE
r-devel-linux-x86_64-fedora-clang 0.0.6 194.43 NOTE
r-devel-linux-x86_64-fedora-gcc 0.0.6 195.36 NOTE
r-devel-windows-x86_64 0.0.6 44.00 160.00 204.00 NOTE
r-patched-linux-x86_64 0.0.6 39.49 103.85 143.34 NOTE
r-release-linux-x86_64 0.0.6 43.01 104.05 147.06 NOTE
r-release-macos-arm64 0.0.6 55.00 NOTE
r-release-macos-x86_64 0.0.6 68.00 NOTE
r-release-windows-x86_64 0.0.6 42.00 157.00 199.00 NOTE
r-oldrel-macos-arm64 0.0.6 61.00 NOTE
r-oldrel-macos-x86_64 0.0.6 100.00 NOTE
r-oldrel-windows-ix86+x86_64 0.0.6 100.00 163.00 263.00 NOTE

Check Details

Version: 0.0.6
Check: LazyData
Result: NOTE
     'LazyData' is specified without a 'data' directory
Flavors: r-devel-linux-x86_64-debian-clang, r-devel-linux-x86_64-debian-gcc, r-devel-linux-x86_64-fedora-clang, r-devel-linux-x86_64-fedora-gcc, r-devel-windows-x86_64, r-patched-linux-x86_64, r-release-linux-x86_64, r-release-macos-arm64, r-release-macos-x86_64, r-release-windows-x86_64, r-oldrel-macos-arm64, r-oldrel-macos-x86_64, r-oldrel-windows-ix86+x86_64

Version: 0.0.6
Check: dependencies in R code
Result: NOTE
    Namespaces in Imports field not imported from:
     ‘MASS’ ‘XML’ ‘gglasso’ ‘methods’
     All declared Imports should be used.
Flavors: r-devel-linux-x86_64-fedora-clang, r-devel-linux-x86_64-fedora-gcc, r-release-macos-arm64, r-release-macos-x86_64, r-oldrel-macos-arm64, r-oldrel-macos-x86_64

Version: 0.0.6
Check: installed package size
Result: NOTE
     installed size is 9.9Mb
     sub-directories of 1Mb or more:
     libs 9.0Mb
Flavors: r-release-macos-arm64, r-release-macos-x86_64, r-oldrel-macos-arm64, r-oldrel-macos-x86_64