CRAN Package Check Results for Package FIT

Last updated on 2024-06-14 22:57:16 CEST.

Flavor Version Tinstall Tcheck Ttotal Status Flags
r-devel-linux-x86_64-debian-clang 0.0.6 48.38 108.72 157.10 NOTE
r-devel-linux-x86_64-debian-gcc 0.0.6 36.99 80.02 117.01 NOTE
r-devel-linux-x86_64-fedora-clang 0.0.6 203.99 NOTE
r-devel-linux-x86_64-fedora-gcc 0.0.6 230.17 NOTE
r-devel-windows-x86_64 0.0.6 37.00 116.00 153.00 NOTE
r-patched-linux-x86_64 0.0.6 41.89 108.96 150.85 NOTE
r-release-linux-x86_64 0.0.6 46.00 109.60 155.60 NOTE
r-release-macos-arm64 0.0.6 55.00 NOTE
r-release-macos-x86_64 0.0.6 98.00 NOTE
r-release-windows-x86_64 0.0.6 38.00 134.00 172.00 NOTE
r-oldrel-macos-arm64 0.0.6 63.00 NOTE
r-oldrel-macos-x86_64 0.0.6 102.00 NOTE
r-oldrel-windows-x86_64 0.0.6 47.00 134.00 181.00 NOTE

Check Details

Version: 0.0.6
Check: C++ specification
Result: NOTE Specified C++11: please drop specification unless essential Flavors: r-devel-linux-x86_64-debian-clang, r-devel-linux-x86_64-debian-gcc, r-devel-linux-x86_64-fedora-clang, r-devel-linux-x86_64-fedora-gcc, r-devel-windows-x86_64, r-patched-linux-x86_64, r-release-linux-x86_64, r-release-macos-arm64, r-release-macos-x86_64, r-release-windows-x86_64, r-oldrel-macos-arm64, r-oldrel-macos-x86_64, r-oldrel-windows-x86_64

Version: 0.0.6
Check: LazyData
Result: NOTE 'LazyData' is specified without a 'data' directory Flavors: r-devel-linux-x86_64-debian-clang, r-devel-linux-x86_64-debian-gcc, r-devel-linux-x86_64-fedora-clang, r-devel-linux-x86_64-fedora-gcc, r-devel-windows-x86_64, r-patched-linux-x86_64, r-release-linux-x86_64, r-release-macos-arm64, r-release-macos-x86_64, r-release-windows-x86_64, r-oldrel-macos-arm64, r-oldrel-macos-x86_64, r-oldrel-windows-x86_64

Version: 0.0.6
Check: dependencies in R code
Result: NOTE Namespaces in Imports field not imported from: ‘MASS’ ‘XML’ ‘gglasso’ ‘methods’ All declared Imports should be used. Flavors: r-devel-linux-x86_64-fedora-clang, r-devel-linux-x86_64-fedora-gcc

Version: 0.0.6
Check: installed package size
Result: NOTE installed size is 12.5Mb sub-directories of 1Mb or more: libs 11.5Mb Flavors: r-release-macos-arm64, r-release-macos-x86_64, r-oldrel-macos-arm64, r-oldrel-macos-x86_64