Last updated on 2023-01-29 19:54:03 CET.
Flavor | Version | Tinstall | Tcheck | Ttotal | Status | Flags |
---|---|---|---|---|---|---|
r-devel-linux-x86_64-debian-clang | 0.3.1 | 3.91 | 63.93 | 67.84 | OK | |
r-devel-linux-x86_64-debian-gcc | 0.3.1 | 3.15 | 50.23 | 53.38 | OK | |
r-devel-linux-x86_64-fedora-clang | 0.3.1 | 86.92 | NOTE | |||
r-devel-linux-x86_64-fedora-gcc | 0.3.1 | 96.09 | NOTE | |||
r-devel-windows-x86_64 | 0.3.1 | 17.00 | 93.00 | 110.00 | OK | |
r-patched-linux-x86_64 | 0.3.1 | 3.72 | 63.88 | 67.60 | OK | |
r-release-linux-x86_64 | 0.3.1 | 3.98 | 63.48 | 67.46 | OK | |
r-release-macos-arm64 | 0.3.1 | 31.00 | NOTE | |||
r-release-macos-x86_64 | 0.3.1 | 41.00 | NOTE | |||
r-release-windows-x86_64 | 0.3.1 | 15.00 | 91.00 | 106.00 | OK | |
r-oldrel-macos-arm64 | 0.3.1 | 35.00 | NOTE | |||
r-oldrel-macos-x86_64 | 0.3.1 | 44.00 | NOTE | |||
r-oldrel-windows-ix86+x86_64 | 0.3.1 | 12.00 | 99.00 | 111.00 | OK |
Version: 0.3.1
Check: dependencies in R code
Result: NOTE
Namespace in Imports field not imported from: ‘mathjaxr’
All declared Imports should be used.
Flavors: r-devel-linux-x86_64-fedora-clang, r-devel-linux-x86_64-fedora-gcc, r-release-macos-arm64, r-release-macos-x86_64, r-oldrel-macos-arm64, r-oldrel-macos-x86_64