Last updated on 2022-05-25 21:52:59 CEST.
Flavor | Version | Tinstall | Tcheck | Ttotal | Status | Flags |
---|---|---|---|---|---|---|
r-devel-linux-x86_64-debian-clang | 9.1.1 | 380.32 | 66.10 | 446.42 | NOTE | |
r-devel-linux-x86_64-debian-gcc | 9.1.1 | 339.11 | 53.72 | 392.83 | NOTE | |
r-devel-linux-x86_64-fedora-clang | 9.1.1 | 694.06 | NOTE | |||
r-devel-linux-x86_64-fedora-gcc | 9.1.1 | 653.01 | NOTE | |||
r-devel-windows-x86_64 | 9.1.1 | 283.00 | 114.00 | 397.00 | NOTE | |
r-patched-linux-x86_64 | 9.1.1 | 334.01 | 63.96 | 397.97 | NOTE | |
r-release-linux-x86_64 | 9.1.1 | NOTE | ||||
r-release-macos-arm64 | 9.1.1 | 184.00 | NOTE | |||
r-release-macos-x86_64 | 9.1.1 | 102.00 | ERROR | |||
r-release-windows-x86_64 | 9.1.1 | 284.00 | 114.00 | 398.00 | NOTE | |
r-oldrel-macos-arm64 | 9.1.1 | 178.00 | NOTE | |||
r-oldrel-macos-x86_64 | 9.1.1 | 101.00 | ERROR | |||
r-oldrel-windows-ix86+x86_64 | 9.1.1 | 826.00 | 133.00 | 959.00 | NOTE |
Version: 9.1.1
Check: for GNU extensions in Makefiles
Result: NOTE
GNU make is a SystemRequirements.
Flavors: r-devel-linux-x86_64-debian-clang, r-devel-linux-x86_64-debian-gcc, r-devel-linux-x86_64-fedora-clang, r-devel-linux-x86_64-fedora-gcc, r-devel-windows-x86_64, r-patched-linux-x86_64, r-release-linux-x86_64, r-release-macos-arm64, r-release-windows-x86_64, r-oldrel-macos-arm64, r-oldrel-windows-ix86+x86_64
Version: 9.1.1
Check: installed package size
Result: NOTE
installed size is 21.6Mb
sub-directories of 1Mb or more:
libs 21.3Mb
Flavors: r-devel-linux-x86_64-fedora-clang, r-release-macos-arm64, r-oldrel-macos-arm64, r-oldrel-windows-ix86+x86_64
Version: 9.1.1
Check: whether package can be installed
Result: ERROR
Installation failed.
Flavors: r-release-macos-x86_64, r-oldrel-macos-x86_64