Last updated on 2023-01-28 19:52:14 CET.
Flavor | Version | Tinstall | Tcheck | Ttotal | Status | Flags |
---|---|---|---|---|---|---|
r-devel-linux-x86_64-debian-clang | 0.5.2 | 9.12 | 261.85 | 270.97 | OK | |
r-devel-linux-x86_64-debian-gcc | 0.5.2 | 7.11 | 189.00 | 196.11 | OK | |
r-devel-linux-x86_64-fedora-clang | 0.5.2 | 341.40 | NOTE | |||
r-devel-linux-x86_64-fedora-gcc | 0.5.2 | 333.67 | NOTE | |||
r-devel-windows-x86_64 | 0.5.2 | 28.00 | 326.00 | 354.00 | OK | |
r-patched-linux-x86_64 | 0.5.2 | 9.04 | 238.82 | 247.86 | OK | |
r-release-linux-x86_64 | 0.5.2 | 6.97 | 238.42 | 245.39 | OK | |
r-release-macos-arm64 | 0.5.2 | 89.00 | NOTE | |||
r-release-macos-x86_64 | 0.5.2 | 140.00 | NOTE | |||
r-release-windows-x86_64 | 0.5.2 | 44.00 | 324.00 | 368.00 | OK | |
r-oldrel-macos-arm64 | 0.5.2 | 76.00 | NOTE | |||
r-oldrel-macos-x86_64 | 0.5.2 | 110.00 | NOTE | |||
r-oldrel-windows-ix86+x86_64 | 0.5.2 | 20.00 | 329.00 | 349.00 | OK |
Version: 0.5.2
Check: dependencies in R code
Result: NOTE
Namespace in Imports field not imported from: ‘rgdal’
All declared Imports should be used.
Flavors: r-devel-linux-x86_64-fedora-clang, r-devel-linux-x86_64-fedora-gcc, r-release-macos-arm64, r-release-macos-x86_64, r-oldrel-macos-arm64, r-oldrel-macos-x86_64