CRAN Package Check Results for Package FPLdata

Last updated on 2022-09-25 21:54:50 CEST.

Flavor Version Tinstall Tcheck Ttotal Status Flags
r-devel-linux-x86_64-debian-clang 0.1.0 1.96 20.66 22.62 OK
r-devel-linux-x86_64-debian-gcc 0.1.0 1.64 16.57 18.21 OK
r-devel-linux-x86_64-fedora-clang 0.1.0 38.76 NOTE
r-devel-linux-x86_64-fedora-gcc 0.1.0 37.57 NOTE
r-devel-windows-x86_64 0.1.0 6.00 46.00 52.00 OK
r-patched-linux-x86_64 0.1.0 2.06 20.48 22.54 OK
r-release-linux-x86_64 0.1.0 1.75 20.19 21.94 OK
r-release-macos-arm64 0.1.0 14.00 NOTE
r-release-macos-x86_64 0.1.0 26.00 NOTE
r-release-windows-x86_64 0.1.0 8.00 47.00 55.00 OK
r-oldrel-macos-arm64 0.1.0 16.00 NOTE
r-oldrel-macos-x86_64 0.1.0 19.00 NOTE
r-oldrel-windows-ix86+x86_64 0.1.0 7.00 45.00 52.00 OK

Check Details

Version: 0.1.0
Check: dependencies in R code
Result: NOTE
    Namespace in Imports field not imported from: ‘dplyr’
     All declared Imports should be used.
Flavors: r-devel-linux-x86_64-fedora-clang, r-devel-linux-x86_64-fedora-gcc, r-release-macos-arm64, r-release-macos-x86_64, r-oldrel-macos-arm64, r-oldrel-macos-x86_64