CRAN Package Check Results for Package FRK

Last updated on 2022-01-26 19:50:33 CET.

Flavor Version Tinstall Tcheck Ttotal Status Flags
r-devel-linux-x86_64-debian-clang 2.0.3 158.63 609.15 767.78 NOTE
r-devel-linux-x86_64-debian-gcc 2.0.3 131.88 467.02 598.90 NOTE
r-devel-linux-x86_64-fedora-clang 2.0.3 987.12 NOTE
r-devel-linux-x86_64-fedora-gcc 2.0.3 1018.19 NOTE
r-devel-windows-x86_64-new-UL 2.0.3 134.00 350.00 484.00 NOTE --no-vignettes
r-devel-windows-x86_64-new-TK 2.0.3 ERROR
r-patched-linux-x86_64 2.0.3 140.23 592.15 732.38 NOTE
r-release-linux-x86_64 2.0.3 149.34 584.64 733.98 NOTE
r-release-macos-arm64 2.0.3 NOTE
r-release-macos-x86_64 2.0.3 NOTE
r-release-windows-ix86+x86_64 2.0.3 214.00 534.00 748.00 NOTE --no-vignettes
r-oldrel-macos-x86_64 2.0.3 NOTE
r-oldrel-windows-ix86+x86_64 2.0.3 301.00 505.00 806.00 NOTE --no-vignettes

Check Details

Version: 2.0.3
Check: package dependencies
Result: NOTE
    Packages suggested but not available for checking: 'dggrids', 'INLA'
Flavors: r-devel-linux-x86_64-debian-clang, r-devel-linux-x86_64-debian-gcc, r-patched-linux-x86_64, r-release-linux-x86_64, r-release-macos-arm64, r-release-macos-x86_64, r-oldrel-macos-x86_64

Version: 2.0.3
Check: package dependencies
Result: NOTE
    Package suggested but not available for checking: ‘dggrids’
Flavors: r-devel-linux-x86_64-fedora-clang, r-devel-linux-x86_64-fedora-gcc

Version: 2.0.3
Check: installed package size
Result: NOTE
     installed size is 68.1Mb
     sub-directories of 1Mb or more:
     data 5.0Mb
     doc 2.4Mb
     libs 59.7Mb
Flavors: r-devel-linux-x86_64-fedora-clang, r-release-macos-arm64, r-release-macos-x86_64, r-oldrel-macos-x86_64

Version: 2.0.3
Flags: --no-vignettes
Check: package dependencies
Result: NOTE
    Packages suggested but not available for checking: 'dggrids', 'INLA'
Flavor: r-devel-windows-x86_64-new-UL

Version: 2.0.3
Flags: --no-vignettes
Check: installed package size
Result: NOTE
     installed size is 21.2Mb
     sub-directories of 1Mb or more:
     data 5.0Mb
     doc 2.4Mb
     libs 12.8Mb
Flavors: r-devel-windows-x86_64-new-UL, r-release-windows-ix86+x86_64, r-oldrel-windows-ix86+x86_64

Version: 2.0.3
Check: package dependencies
Result: ERROR
    Package required but not available: 'ggpubr'
    
    Packages suggested but not available for checking: 'dggrids', 'INLA'
    
    See section 'The DESCRIPTION file' in the 'Writing R Extensions'
    manual.
Flavor: r-devel-windows-x86_64-new-TK

Version: 2.0.3
Flags: --no-vignettes
Check: package dependencies
Result: NOTE
    Package suggested but not available for checking: 'dggrids'
Flavors: r-release-windows-ix86+x86_64, r-oldrel-windows-ix86+x86_64