CRAN Package Check Results for Package FactorAssumptions

Last updated on 2021-12-06 19:50:38 CET.

Flavor Version Tinstall Tcheck Ttotal Status Flags
r-devel-linux-x86_64-debian-clang 1.1.2 2.52 38.90 41.42 NOTE
r-devel-linux-x86_64-debian-gcc 1.1.2 1.81 31.55 33.36 NOTE
r-devel-linux-x86_64-fedora-clang 1.1.2 52.11 NOTE
r-devel-linux-x86_64-fedora-gcc 1.1.2 40.97 NOTE
r-devel-windows-x86_64-new-UL 1.1.2 7.00 71.00 78.00 NOTE
r-devel-windows-x86_64-new-TK 1.1.2 NOTE
r-devel-windows-x86_64-old 1.1.2 5.00 38.00 43.00 NOTE
r-patched-linux-x86_64 1.1.2 2.31 29.30 31.61 NOTE
r-release-linux-x86_64 1.1.2 2.52 36.88 39.40 NOTE
r-release-macos-arm64 1.1.2 NOTE
r-release-macos-x86_64 1.1.2 NOTE
r-release-windows-ix86+x86_64 1.1.2 7.00 48.00 55.00 NOTE
r-oldrel-macos-x86_64 1.1.2 OK
r-oldrel-windows-ix86+x86_64 1.1.2 7.00 49.00 56.00 OK

Check Details

Version: 1.1.2
Check: LazyData
Result: NOTE
     'LazyData' is specified without a 'data' directory
Flavors: r-devel-linux-x86_64-debian-clang, r-devel-linux-x86_64-debian-gcc, r-devel-linux-x86_64-fedora-clang, r-devel-linux-x86_64-fedora-gcc, r-devel-windows-x86_64-new-UL, r-devel-windows-x86_64-new-TK, r-devel-windows-x86_64-old, r-patched-linux-x86_64, r-release-linux-x86_64, r-release-macos-arm64, r-release-macos-x86_64, r-release-windows-ix86+x86_64