CRAN Package Check Results for Package FamilyRank

Last updated on 2023-02-06 19:54:21 CET.

Flavor Version Tinstall Tcheck Ttotal Status Flags
r-devel-linux-x86_64-debian-clang 1.0 30.73 33.73 64.46 NOTE
r-devel-linux-x86_64-debian-gcc 1.0 25.13 25.61 50.74 NOTE
r-devel-linux-x86_64-fedora-clang 1.0 97.94 NOTE
r-devel-linux-x86_64-fedora-gcc 1.0 81.30 NOTE
r-devel-windows-x86_64 1.0 35.00 82.00 117.00 NOTE
r-patched-linux-x86_64 1.0 28.68 32.94 61.62 NOTE
r-release-linux-x86_64 1.0 30.36 33.17 63.53 NOTE
r-release-macos-arm64 1.0 28.00 NOTE
r-release-macos-x86_64 1.0 34.00 NOTE
r-release-windows-x86_64 1.0 36.00 87.00 123.00 NOTE
r-oldrel-macos-arm64 1.0 27.00 NOTE
r-oldrel-macos-x86_64 1.0 45.00 NOTE
r-oldrel-windows-ix86+x86_64 1.0 78.00 87.00 165.00 NOTE

Check Details

Version: 1.0
Check: C++ specification
Result: NOTE
     Specified C++11: please update to current default of C++17
Flavors: r-devel-linux-x86_64-debian-clang, r-devel-linux-x86_64-debian-gcc, r-devel-linux-x86_64-fedora-clang, r-devel-linux-x86_64-fedora-gcc, r-devel-windows-x86_64

Version: 1.0
Check: LazyData
Result: NOTE
     'LazyData' is specified without a 'data' directory
Flavors: r-devel-linux-x86_64-debian-clang, r-devel-linux-x86_64-debian-gcc, r-devel-linux-x86_64-fedora-clang, r-devel-linux-x86_64-fedora-gcc, r-devel-windows-x86_64, r-patched-linux-x86_64, r-release-linux-x86_64, r-release-macos-arm64, r-release-macos-x86_64, r-release-windows-x86_64, r-oldrel-macos-arm64, r-oldrel-macos-x86_64, r-oldrel-windows-ix86+x86_64