CRAN Package Check Results for Package FastSF

Last updated on 2022-05-27 21:51:21 CEST.

Flavor Version Tinstall Tcheck Ttotal Status Flags
r-devel-linux-x86_64-debian-clang 0.1.1 85.77 43.42 129.19 NOTE
r-devel-linux-x86_64-debian-gcc 0.1.1 63.76 33.56 97.32 NOTE
r-devel-linux-x86_64-fedora-clang 0.1.1 190.64 NOTE
r-devel-linux-x86_64-fedora-gcc 0.1.1 172.39 NOTE
r-devel-windows-x86_64 0.1.1 77.00 81.00 158.00 NOTE
r-patched-linux-x86_64 0.1.1 71.00 41.96 112.96 NOTE
r-release-linux-x86_64 0.1.1 74.78 41.91 116.69 NOTE
r-release-macos-arm64 0.1.1 42.00 NOTE
r-release-macos-x86_64 0.1.1 60.00 NOTE
r-release-windows-x86_64 0.1.1 79.00 81.00 160.00 NOTE
r-oldrel-macos-arm64 0.1.1 48.00 NOTE
r-oldrel-macos-x86_64 0.1.1 74.00 NOTE
r-oldrel-windows-ix86+x86_64 0.1.1 207.00 91.00 298.00 NOTE

Check Details

Version: 0.1.1
Check: LazyData
Result: NOTE
     'LazyData' is specified without a 'data' directory
Flavors: r-devel-linux-x86_64-debian-clang, r-devel-linux-x86_64-debian-gcc, r-devel-linux-x86_64-fedora-clang, r-devel-linux-x86_64-fedora-gcc, r-devel-windows-x86_64, r-patched-linux-x86_64, r-release-linux-x86_64, r-release-macos-arm64, r-release-macos-x86_64, r-release-windows-x86_64, r-oldrel-macos-arm64, r-oldrel-macos-x86_64, r-oldrel-windows-ix86+x86_64