Last updated on 2021-02-27 19:47:53 CET.
Flavor | Version | Tinstall | Tcheck | Ttotal | Status | Flags |
---|---|---|---|---|---|---|
r-devel-linux-x86_64-debian-clang | 0.99.5 | 146.55 | 34.49 | 181.04 | OK | |
r-devel-linux-x86_64-debian-gcc | 0.99.5 | 102.35 | 26.91 | 129.26 | OK | |
r-devel-linux-x86_64-fedora-clang | 0.99.5 | 277.41 | NOTE | |||
r-devel-linux-x86_64-fedora-gcc | 0.99.5 | 256.75 | OK | |||
r-devel-windows-ix86+x86_64 | 0.99.5 | 253.00 | 57.00 | 310.00 | OK | |
r-patched-linux-x86_64 | 0.99.5 | 127.31 | 33.05 | 160.36 | OK | |
r-patched-solaris-x86 | 0.99.5 | 225.10 | OK | |||
r-release-linux-x86_64 | 0.99.5 | 125.68 | 33.17 | 158.85 | OK | |
r-release-macos-x86_64 | 0.99.5 | OK | ||||
r-release-windows-ix86+x86_64 | 0.99.5 | 361.00 | 80.00 | 441.00 | OK | |
r-oldrel-macos-x86_64 | 0.99.5 | OK | ||||
r-oldrel-windows-ix86+x86_64 | 0.99.5 | 246.00 | 52.00 | 298.00 | OK |
Version: 0.99.5
Check: installed package size
Result: NOTE
installed size is 5.0Mb
sub-directories of 1Mb or more:
libs 4.8Mb
Flavor: r-devel-linux-x86_64-fedora-clang