CRAN Package Check Results for Package FeatureTerminatoR

Last updated on 2024-05-23 21:50:42 CEST.

Flavor Version Tinstall Tcheck Ttotal Status Flags
r-devel-linux-x86_64-debian-clang 1.0.0 15.39 147.43 162.82 NOTE
r-devel-linux-x86_64-debian-gcc 1.0.0 12.73 109.82 122.55 NOTE
r-devel-linux-x86_64-fedora-clang 1.0.0 205.91 NOTE
r-devel-linux-x86_64-fedora-gcc 1.0.0 208.25 NOTE
r-devel-windows-x86_64 1.0.0 12.00 114.00 126.00 NOTE
r-patched-linux-x86_64 1.0.0 9.51 140.58 150.09 NOTE
r-release-linux-x86_64 1.0.0 10.09 136.38 146.47 NOTE
r-release-macos-arm64 1.0.0 65.00 NOTE
r-release-windows-x86_64 1.0.0 14.00 116.00 130.00 NOTE
r-oldrel-macos-arm64 1.0.0 69.00 OK
r-oldrel-macos-x86_64 1.0.0 113.00 OK
r-oldrel-windows-x86_64 1.0.0 18.00 147.00 165.00 OK

Check Details

Version: 1.0.0
Check: Rd files
Result: NOTE checkRd: (-1) mutlicol_terminator.Rd:23: Lost braces in \itemize; \value handles \item{}{} directly checkRd: (-1) mutlicol_terminator.Rd:24: Lost braces in \itemize; \value handles \item{}{} directly checkRd: (-1) mutlicol_terminator.Rd:25: Lost braces in \itemize; \value handles \item{}{} directly checkRd: (-1) mutlicol_terminator.Rd:26: Lost braces in \itemize; \value handles \item{}{} directly checkRd: (-1) rfeTerminator.Rd:42: Lost braces in \itemize; \value handles \item{}{} directly checkRd: (-1) rfeTerminator.Rd:43: Lost braces in \itemize; \value handles \item{}{} directly checkRd: (-1) rfeTerminator.Rd:44: Lost braces in \itemize; \value handles \item{}{} directly checkRd: (-1) rfeTerminator.Rd:45: Lost braces in \itemize; \value handles \item{}{} directly Flavors: r-devel-linux-x86_64-debian-clang, r-devel-linux-x86_64-debian-gcc, r-devel-linux-x86_64-fedora-clang, r-devel-linux-x86_64-fedora-gcc, r-devel-windows-x86_64, r-patched-linux-x86_64, r-release-linux-x86_64, r-release-macos-arm64, r-release-windows-x86_64

Version: 1.0.0
Check: dependencies in R code
Result: NOTE Namespaces in Imports field not imported from: ‘e1071’ ‘lattice’ ‘randomForest’ ‘tibble’ ‘utils’ All declared Imports should be used. Flavors: r-devel-linux-x86_64-fedora-clang, r-devel-linux-x86_64-fedora-gcc